 = 4*o - 182, 3*o + 0*i = i + 139. List the prime factors of o.
2, 3
Let y = 116 - 82. List the prime factors of y.
2, 17
Suppose 117 = 4*q - 259. List the prime factors of q.
2, 47
Let u(t) = -t**3 - t**2 + 4*t + 3. Let d be u(-2). Let x be (3 - -41)*d/2. What are the prime factors of x/(-8) - (-1)/4?
3
Suppose -u - 5*w + 15 = -99, 0 = -2*w + 8. What are the prime factors of u?
2, 47
Suppose 30 = 3*g - 3*u, -10 = -0*g + g - 5*u. What are the prime factors of g?
3, 5
Let n = 5 - 3. Let d be -1 + (-4)/(n/(-1)). Let y = 16 - d. List the prime factors of y.
3, 5
Let b(z) = -z**3 - 5*z**2 - 2*z - 6. Let w be b(-5). Let v(q) = 5*q + 1. Let d be v(1). List the prime factors of (-54)/w*d/(-9).
3
Let u = 49 - -1. Suppose -2*k + 9 + 31 = q, q + 4*k = u. Suppose -m - q = -4*m. What are the prime factors of m?
2, 5
Suppose 0 = -4*u + 2 - 26. Let n = -4 - u. Suppose n*b - 8 = b. List the prime factors of b.
2
Let w be (-84)/10 - (-4)/10. Let m(p) = -2*p + 4. What are the prime factors of m(w)?
2, 5
Suppose -3*l + 36 = l. Let u = l + -5. Suppose -47 = -u*h + 13. What are the prime factors of h?
3, 5
Let m be 2*(1 + 0 + 0). Suppose -m*z - 2*a + 146 = 0, -6 = -a - 1. What are the prime factors of 2/3 + z/6?
2, 3
List the prime factors of ((-462)/(-3))/(0 + (0 - -2)).
7, 11
Let d be (-4 - -13) + 2/2. Let a = 18 - d. List the prime factors of a.
2
Suppose 2*d = 5*d - 2*r - 133, 0 = d + 3*r - 37. List the prime factors of d.
43
Let n(u) be the third derivative of -u**4/24 + u**3/6 + 2*u**2. Let k be n(0). Let p = k + 3. What are the prime factors of p?
2
Let v(a) = 9*a + 1. Let f be v(-3). Let d = 50 + f. What are the prime factors of d?
2, 3
Let b = 103 + -73. List the prime factors of b.
2, 3, 5
Let x = 3 + -11. List the prime factors of 78/15*(-20)/x.
13
Suppose -s - 4 = -0. Let h be 480/35 - s/14. List the prime factors of 1/1*(h + 1).
3, 5
Suppose 0 = 14*f - 13*f - 21. List the prime factors of f.
3, 7
Suppose -4*o + 7*q = 3*q - 232, 5*o - q - 270 = 0. What are the prime factors of o?
53
Let t be -15*((-3)/3 - 1). Let c be 5/1*18/t. Suppose 1 = k + 2*y, 0 = -k + c*k - 3*y - 23. List the prime factors of k.
7
Let d(k) = -k**3 - 4*k**2 + 2*k - 4. Let p = 12 - 17. What are the prime factors of d(p)?
11
Suppose 24 = 2*f + 5*j - 3*j, 0 = -5*f + j + 30. Let i(n) = -n**2 + 9*n + 5. What are the prime factors of i(f)?
19
Suppose 3*h = -21 - 0. Let a = 9 + h. List the prime factors of a.
2
Let t = -13 - 0. Let n = t + 29. What are the prime factors of n?
2
Let k be 195/21 + 4/(-14). List the prime factors of k - 8 - 10/(-1).
11
Suppose 5*i - 4 = 2*y, 2*i - 6*i + 4*y + 8 = 0. Suppose i = 5*v - 3 + 23. Let h(l) = l**2 + 3*l + 5. List the prime factors of h(v).
3
Let i(m) = m**3 + 6*m**2 - m - 2. Let j be i(-6). Let c(t) = t + 3. Let x(z) = -z. Let q(o) = -c(o) - 3*x(o). List the prime factors of q(j).
5
Suppose 30 = 2*t + t + 3*q, 4*t + q - 40 = 0. Suppose -4*l = 2*n - t, -l = 3*l + 3*n - 11. Suppose 21 = l*h - 1. List the prime factors of h.
11
Let w = 679 + -390. What are the prime factors of w?
17
Let q = 9 + -4. Suppose 0 = -4*p + 5*m + 33 - 4, -3*p + 23 = -q*m. Suppose p = 3*n - 18. List the prime factors of n.
2
Let j(p) = -p**2 + 10*p - 5. Suppose 0 = -4*h + 48 - 16. Let a be j(h). Suppose 0 = -s + 5*o + 10, 5*s + 5*o - a = 9. What are the prime factors of s?
5
Suppose -5*j + 186 + 349 = 0. What are the prime factors of j?
107
Let z = -100 - -60. Let m = z - -66. Let n = m - 18. What are the prime factors of n?
2
Suppose -3*g + 19 = 3*h + 1, 0 = -3*g + 4*h + 46. Let s = 12 - g. List the prime factors of s.
2
Suppose 6 = v - 4*v, -267 = -y + 2*v. List the prime factors of y.
263
Let v(p) = p**3 - 2*p**2 - 8. List the prime factors of v(6).
2, 17
Suppose -2*f + 7*f = 130. List the prime factors of f.
2, 13
Suppose 4*q + 86 = 6. List the prime factors of (-332)/q + 2/5.
17
Suppose 5*q = -f + 91, 5*f - 518 + 193 = q. What are the prime factors of f?
2, 3, 11
Let f(t) = -t**2 - 5*t + 10. Let q be f(-7). Let d(z) = -z**2 - 7*z - 5. List the prime factors of d(q).
7
Let i = -140 - -282. What are the prime factors of i?
2, 71
Let v = 11 + 13. What are the prime factors of v?
2, 3
Let h(b) = -b**3 + 4*b**2 - 3*b + 4. Let p be h(3). Let q = -1 + 4. Suppose 2*g - 4*g = -q*v + 13, -p*g - 11 = -v. What are the prime factors of v?
3
Suppose d - 18 = 2. What are the prime factors of (-62)/(-10) + (-4)/d?
2, 3
Suppose -2*i - 5*q = 3*i - 35, 4*q = 12. Suppose -g = i*g - 180. Let y = 50 - g. List the prime factors of y.
2, 7
Suppose 0 = -o - 2*c + 20, o = -3*o + 4*c + 80. List the prime factors of o.
2, 5
Suppose -4 = 2*m - 6. List the prime factors of (m*-1)/((-2)/32).
2
Let v be -25*(32/(-10) - -2). Suppose 0 = -n - 4*n + v. List the prime factors of n.
2, 3
Suppose 0 = 4*c + 12. List the prime factors of -3 - (0 + -24 + c).
2, 3
Suppose -7*g + 107 + 61 = 0. What are the prime factors of g?
2, 3
List the prime factors of (-2)/(-11) - (-9945)/55.
181
Let d(b) = -b. Let q be d(0). Suppose 0 = -q*s - s + 2. Suppose 0 = -s*w - 8, 0*w + 12 = -l - 4*w. List the prime factors of l.
2
Suppose 3*m - 119 - 31 = -x, -252 = -5*m - x. What are the prime factors of m?
3, 17
Suppose 5*p - 24 = -v, 3*v + 2*p - 5 = -2*v. Let a = 3 - v. Suppose a*h = 43 + 13. List the prime factors of h.
2, 7
Let l(t) = t**2 + 2*t - 1. What are the prime factors of l(-9)?
2, 31
List the prime factors of (-12)/(-15)*1635/6.
2, 109
Let v be 7/1*1 - -1. Suppose v = l + l. Suppose 30 = 3*d + t, d - 9 - 1 = -l*t. List the prime factors of d.
2, 5
Let i(g) = -3*g - 11. Let x be i(-5). Suppose -50 = -x*z + 126. What are the prime factors of z?
2, 11
Let m be 0*-3*3/(-18). Let t = m + 2. What are the prime factors of t?
2
Let c(n) = n**2 + 1. Suppose -3*o = 12, 0*m + 3*m + o + 13 = 0. Let x be -1 - -3*m/9. List the prime factors of c(x).
5
Let q(i) = -2*i**3 - 8*i**2 - 9*i + 3. What are the prime factors of q(-4)?
3, 13
Suppose -c + 13 + 8 = 0. Let r = c - -8. Suppose -r + 2 = -3*i. List the prime factors of i.
3
Let g = -3 + 12. Let f = 16 - g. List the prime factors of f.
7
Suppose a + 4*y = 17, 0 = -5*a - 5*y + 30 + 85. List the prime factors of a.
5
Suppose -w + 5*w = 3*v, 5*v = 4*w. Suppose v + 4 = 3*d + n, -10 = -4*d + n. List the prime factors of d.
2
Let h = 3 - 1. Suppose h*k + i = 56, -21 = -k - 3*i + 7. What are the prime factors of k?
2, 7
Let p(y) = 21*y**3 - y**2 + 2*y - 1. List the prime factors of p(1).
3, 7
Let u = -28 - -43. Let l(g) = g**3 - 16*g**2 + 17*g - 8. List the prime factors of l(u).
2, 11
Let q = 486 + -286. List the prime factors of q.
2, 5
Let q(c) = c**2 + 6*c - 4. Let u be q(-8). Suppose -2*f + 4*w = -0*f - 38, -u = 4*w. List the prime factors of f.
13
Let t = -7 + -5. Let f be 1/2 + t/(-8). Let x = f - -2. List the prime factors of x.
2
Let r(s) be the second derivative of 3*s + 0 + 0*s**3 + 0*s**2 + 11/12*s**4. List the prime factors of r(1).
11
Let u = 32 + -8. What are the prime factors of u?
2, 3
Let b(y) = 2*y**2 + 13 - 17 - y**2 + 10 - y. List the prime factors of b(-5).
2, 3
Let f = -4 + 13. Suppose -4*u + f = 5. List the prime factors of 17 - (u - -1 - 0).
3, 5
Let t = 136 + -67. List the prime factors of t.
3, 23
Let t(s) = -s**3 + 6*s**2 - 5. Let w be t(4). Suppose -7*x + 4*x + 3*o + w = 0, -38 = -4*x + 3*o. List the prime factors of x.
11
Let t(p) = p**2 - 4. Let y be 4 - (-3)/((-9)/3). What are the prime factors of t(y)?
5
Suppose 0 = -0*v + 9*v - 1170. List the prime factors of v.
2, 5, 13
Let l(g) = -g**3 + 10*g**2 - 8*g + 8. What are the prime factors of l(9)?
17
Let s = 0 - 3. Let y = s - -5. Suppose -4*g + y = -46. What are the prime factors of g?
2, 3
Let w(l) = l - 1. Let y be w(6). List the prime factors of -3 - 39/(2 - y).
2, 5
Let c be 26/6 - (-1)/(-3). Suppose -r + 4*o + 93 = 4*r, -4*o = -c*r + 72. What are the prime factors of r?
3, 7
Let s(f) be the third derivative of -5*f**4/12 + f**2. List the prime factors of s(-2).
2, 5
List the prime factors of (1/1 - 9)/(-2).
2
Suppose 0 = 3*d - 2*j + 3, -3*d - 3*j = 4 - 1. What are the prime factors of 3 - (d - (-2)/2)?
3
Let q be (-61)/7 - (-8)/(-28). Let o be 2/((3/(-3))/(-1)). What are the prime factors of (o/(-1))/2*q?
3
Suppose -15 = -5*c - 0*c. Suppose 0 = c*b - 7 + 1. What are the prime factors of b?
2
Supp